Does 13 divide 2912832?
True
Is 15 a factor of 1537817?
False
Does 33 divide 411345?
True
Is 50246 a multiple of 259?
True
Is 38 a factor of 32582?
False
Is 24 a factor of 121374?
False
Is 1084793 a multiple of 42?
False
Does 9 divide 144458?
False
Is 1715758 a multiple of 167?
True
Does 29 divide 524596?
False
Is 55 a factor of 314239?
False
Is 15 a factor of 402837?
False
Is 54496 a multiple of 117?
False
Does 38 divide 1527980?
True
Is 598 a factor of 380926?
True
Does 5 divide 37343?
False
Is 6637678 a multiple of 18?
False
Is 732657 a multiple of 3?
True
Does 38 divide 3808301?
False
Is 4502224 a multiple of 376?
True
Does 8 divide 222099?
False
Is 2116644 a multiple of 268?
False
Is 49 a factor of 249917?
False
Is 234 a factor of 5616?
True
Is 24185 a multiple of 13?
False
Is 2465534 a multiple of 22?
False
Is 2059108 a multiple of 576?
False
Is 3 a factor of 1534879?
False
Is 193 a factor of 10236527?
True
Is 4 a factor of 53124?
True
Is 22 a factor of 155746?
False
Does 4 divide 1974848?
True
Is 821382 a multiple of 31?
False
Does 62 divide 1066772?
True
Does 39 divide 89069?
False
Does 1550 divide 7615408?
False
Does 6 divide 955854?
True
Is 21 a factor of 102538?
False
Does 49 divide 47677?
True
Is 30 a factor of 96270?
True
Does 396 divide 863982?
False
Is 45 a factor of 219486?
False
Does 11 divide 3501663?
True
Is 23 a factor of 69920?
True
Does 76 divide 24596?
False
Is 52 a factor of 3325803?
False
Is 1225 a factor of 3140407?
False
Is 10194871 a multiple of 422?
False
Is 1000766 a multiple of 26?
True
Is 265 a factor of 319379?
False
Is 68 a factor of 793809?
False
Is 121 a factor of 7672341?
False
Is 569749 a multiple of 8?
False
Is 3736 even?
True
Does 15 divide 44873?
False
Is 563 a factor of 19250829?
False
Is 497696 a multiple of 16?
True
Is 3805061 a multiple of 243?
False
Does 3 divide 4977?
True
Is 1972485 a multiple of 282?
False
Is 39 a factor of 554307?
True
Does 6 divide 52914?
True
Does 310 divide 544980?
True
Is 131946 a multiple of 90?
False
Is 236 a factor of 9697096?
False
Does 188 divide 536364?
True
Is 18 a factor of 4539?
False
Is 643 a factor of 5062017?
False
Is 55 a factor of 355520?
True
Does 898 divide 502426?
False
Is 266715 a multiple of 37?
False
Is 202 a factor of 2442271?
False
Does 74 divide 952750?
True
Is 917 a factor of 18086908?
True
Is 492970 a multiple of 37?
False
Does 29 divide 659879?
False
Does 3 divide 755286?
True
Is 661760 a multiple of 188?
True
Does 6 divide 112398?
True
Does 44 divide 328702?
False
Is 513 a factor of 6046163?
False
Is 27 a factor of 106272?
True
Does 37 divide 305731?
True
Is 17 a factor of 4131?
True
Is 8916225 a multiple of 75?
True
Is 8843411 a multiple of 147?
False
Does 354 divide 279240?
False
Does 18 divide 1211195?
False
Is 470913 a multiple of 28?
False
Is 227 a factor of 347272?
False
Is 77904 a multiple of 8?
True
Is 41440 a multiple of 70?
True
Is 1076665 a multiple of 137?
False
Does 61 divide 8662?
True
Does 115 divide 1538868?
False
Is 314109 a multiple of 125?
False
Does 141 divide 434907?
False
Is 5244948 a multiple of 332?
False
Is 315 a factor of 407463?
False
Does 53 divide 6154042?
True
Does 19 divide 8083542?
False
Does 43 divide 16985?
True
Is 166 a factor of 604799?
False
Is 721935 a multiple of 183?
True
Is 17 a factor of 2866081?
True
Does 55 divide 117344?
False
Is 105 a factor of 83181?
False
Is 250547 a multiple of 21?
False
Does 11 divide 100748?
False
Is 40 a factor of 95880?
True
Is 2002641 a multiple of 410?
False
Does 23 divide 2086748?
False
Is 197 a factor of 1394735?
False
Is 12136 a multiple of 8?
True
Does 86 divide 420446?
False
Is 14157 a multiple of 99?
True
Is 26931756 a multiple of 906?
True
Is 659138 a multiple of 2?
True
Does 16 divide 4363560?
False
Is 121 a factor of 54934?
True
Does 23 divide 14659?
False
Does 139 divide 3641481?
False
Is 2 a factor of 4371?
False
Does 892 divide 357692?
True
Is 110 a factor of 376258?
False
Is 138 a factor of 240258?
True
Is 4800 a multiple of 160?
True
Does 33 divide 91086?
False
Is 14 a factor of 148536?
False
Does 166 divide 50554?
False
Is 7696 a multiple of 74?
True
Is 48768 a multiple of 16?
True
Does 24 divide 1328952?
True
Does 606 divide 149682?
True
Is 56 a factor of 959085?
False
Is 3090704 a multiple of 8?
True
Is 370726 a multiple of 337?
False
Is 6464747 a multiple of 9?
False
Is 6404240 a multiple of 277?
True
Is 713 a factor of 1051675?
True
Is 512053 a multiple of 495?
False
Is 388 a factor of 85514?
False
Is 3837992 a multiple of 42?
False
Is 1292730 a multiple of 10?
True
Does 478 divide 1968323?
False
Does 39 divide 143865?
False
Is 528 a factor of 3995904?
True
Is 303481 a multiple of 131?
False
Is 282 a factor of 1373622?
True
Does 9 divide 574083?
True
Is 417305 a multiple of 63?
False
Does 11 divide 21175?
True
Does 22 divide 46636?
False
Does 4 divide 27984?
True
Is 59 a factor of 656988?
False
Is 719 a factor of 381789?
True
Does 12 divide 911220?
True
Does 82 divide 6364681?
False
Is 68 a factor of 405144?
True
Does 117 divide 2864?
False
Is 9 a factor of 4953?
False
Does 268 divide 11770560?
True
Does 235 divide 444150?
True
Is 6 a factor of 66914?
False
Is 408 a factor of 7646328?
True
Does 181 divide 164433?
False
Is 3990994 a multiple of 14?
True
Does 161 divide 869726?
False
Is 182 a factor of 229081?
False
Is 10850 a multiple of 50?
True
Does 12 divide 557652?
True
Does 24 divide 4221?
False
Is 5924450 a multiple of 92?
False
Is 7929514 a multiple of 697?
False
Is 68154 a multiple of 70?
False
Is 112 a factor of 349552?
True
Does 12 divide 684540?
True
Is 1820272 a multiple of 138?
False
Is 10699 a multiple of 13?
True
Is 80 a factor of 8909220?
False
Does 174 divide 17172408?
True
Does 14 divide 10844979?
False
Is 183 a factor of 14908095?
True
Is 157 even?
False
Is 30 a factor of 322295?
False
Does 28 divide 456477?
False
Is 42 a factor of 250368?
False
Does 88 divide 1150776?
True
Is 20416 a multiple of 3?
False
Does 195 divide 4228391?
False
Is 13 a factor of 6723730?
True
Is 5 a factor of 261417?
False
Is 63129 a multiple of 2?
False
Is 1389366 a multiple of 198?
True
Is 6 a factor of 215825?
False
Is 102 a factor of 2514912?
True
Is 13 a factor of 8027440?
False
Does 34 divide 2102084?
True
Does 30 divide 573420?
True
Is 21 a factor of 753081?
True
Is 4454628 a multiple of 582?
True
Does 29 divide 656949?
False
Does 6 divide 342798?
True
Does 80 divide 888626?
False
Does 2 divide 37795?
False
Is 291372 a multiple of 7?
False
Is 435 a factor of 11394013?
False
Is 650 a factor of 1379950?
True
Is 326 a factor of 354362?
True
Does 8 divide 1032472?
True
Is 685364 a multiple of 306?
False
Is 559096 a multiple of 75?
False
Does 263 divide 224076?
True
Is 7 a factor of 1213434?
False
Is 2683958 a multiple of 39?
False
Is 242552 a multiple of 5?
False
Is 22 a factor of 344203?
False
Is 91129 a multiple of 51?
False
Is 304 a factor of 332043?
False
Is 30917 a multiple of 10?
False
Does 64 divide 11170?
False
Does 62 divide 37923?
False
Is 238025 a multiple of 15?
False
Does 352 divide 9152?
True
Is 515 a factor of 4251052?
False
Is 126760 a multiple of 273?
False
Is 920184 a multiple of 138?
True
Is 890 a factor of 11768257?
False
Does 14 divide 15568?
True
Is 628389 a multiple of 138?
False
Does 10 divide 23780?
True
Does 39 divide 6618729?
True
Does 23 divide 65911?
False
Does 16 divide 147533?
False
Does 191 divide 3132591?
True
Is 129740 a multiple of 4?
True
Does 219 divide 184179?
True
Is 67158 a multiple of 41?
True
Is 373873 a multiple of 417?
False
Is 625325 a multiple of 221?
False
Does 154 divide 1207980?
False
Is 256 a factor of 1369619?
False
Is 10 a factor of 4847850?
True
Is 12925255 a multiple of 696?
False
Is 3349258 a multiple of 5?
False
Is 44 a factor of 126805?
False
Is 15 a factor of 31333784?
False
Does 20 divide 2076740?
True
Is 320320 a multiple of 8?
True
Does 15 divide 147382?
False
Is 470 a factor of 757170?
True
Is 23 a factor of 89930?
True
Is 594 a factor of 3349183?
False
Is 1110632 a multiple of 294?
False
Is 329082 a multiple of 14?
False
Does 18 divide 127422?
True
Is 845676 a multiple of 834?
True
Is 377148 a multiple of 159?
True
Is 1788802 a multiple of 965?
False
Is 94 a factor of 110356?
True
Is 1600 a facto